3. Determine p(10).
-7
Let x = -1 + -4. Suppose 12 - 9 = r. Let p(l) = -r - l + 4 + 2*l + l. Give p(x).
-9
Let r(k) be the first derivative of 5*k**4/2 - 2*k**3/3 + k**2/2 + 43. Give r(1).
9
Let k(f) be the first derivative of -f**5/40 - f**4/12 - f**3 + 18. Let v(p) be the third derivative of k(p). Calculate v(-2).
4
Let i(k) = -2*k + 8. Let l be i(6). Let c(r) = r**2 + r - 2. Let s(t) = -5*t**2 - 4*t + 11. Let z = -11 - -9. Let j(h) = z*s(h) - 11*c(h). Calculate j(l).
-4
Let v = 85/6 + -38/3. Let n(m) be the first derivative of -v*m**2 + 3 - 2*m. Calculate n(-3).
7
Let i(c) be the third derivative of -c**6/120 + c**4/24 + 23*c**3/6 - 134*c**2. Give i(0).
23
Let m(j) be the third derivative of -j**5/30 + j**4/6 - j**3/2 + 2*j**2 - 48. Give m(3).
-9
Let p(l) be the third derivative of -l**6/120 + 7*l**5/60 - l**4/24 - l**3 - 91*l**2. What is p(7)?
-13
Let a(q) = -29*q**2 - 11*q - 8. Let v = 10 + -7. Let b(z) = 0*z**2 + 19*z**2 + z + 2 + 6*z + v. Let j(w) = -5*a(w) - 8*b(w). Determine j(1).
-8
Let u(x) = -31*x - 20. Let i be u(-1). Let b(n) = n**2 - 12*n - 10. What is b(i)?
-21
Let b be 14*((-3)/(-2))/3. Let a(q) be the second derivative of q**5/20 - 7*q**4/12 - q**3/6 + 3*q**2/2 - 11*q + 2. What is a(b)?
-4
Let d(b) = 3*b**2 - 3*b. Let k be ((-8)/(-20))/(196/(-40) + 5). Give d(k).
36
Let b = -61 + 93. Suppose t = -t + b. Let h be t/6*9/(-4). Let v(w) = w. Give v(h).
-6
Let y be -3*2/(-14)*-7. Let z(c) = 4*c + 3. What is z(y)?
-9
Let f(v) = -v**3 - 4*v**2 - v + 1. Let w(z) = 31*z - 3. Let i be w(0). Give f(i).
-5
Let o(c) be the first derivative of 56 - 1/3*c**3 - 9/2*c**2 + 6*c. What is o(-10)?
-4
Let n(r) be the second derivative of r**4/12 - 7*r**3/3 + 9*r**2 + 2*r + 86. Determine n(12).
-6
Let j(x) = 5*x + 42. Let l be (-1 + 5)/((-11)/(-88)*-4). What is j(l)?
2
Suppose -60 = -7*q - 25. Suppose 3*b - 13 = q*u, -u = 3*b - 2*b - 7. Let h(d) = d**3 - 7*d**2 + 7*d + 2. Determine h(b).
8
Suppose 5*q + 4*j + 12 - 43 = 0, -q - 2*j = -11. Suppose q*w = w - 8. Let g(l) = l**3 + 4*l**2 + 2*l + 5. Determine g(w).
-3
Suppose 26*l - 8 = 27*l + o, -5*l - 16 = -3*o. Let y(r) = r**2 + 0*r**2 + 5*r + 0*r**2 + 1. Calculate y(l).
1
Let a(i) = -i**3 - 7*i**2 + 4. Let l be (4 + 26/(-6))*-3. Let t be l/(-2) - (-52)/8. Suppose 7 = -7*u + t*u. Determine a(u).
4
Let s(g) = -3*g + 8. Let k(z) = z - 4*z + 4*z - 2*z + 3. Let o(y) = 7*k(y) - 2*s(y). Calculate o(0).
5
Let x(g) = -g**2 - 8*g + 3. Suppose -38*j - 162 = 104. Determine x(j).
10
Let x(v) = 6*v + 20. Let n(i) = -i - 4. Let m(o) = -11*n(o) - 2*x(o). Let r be m(10). Let q(h) = h + 1. Determine q(r).
-5
Let o(f) = 2*f**2 - 10*f + 6. Let w be o(5). Let y(l) = l**2 + 8*l + 7. Let j(n) = 2*n**2 + 9*n + 7. Let q(d) = -2*j(d) + 3*y(d). Determine q(w).
7
Let u(n) = 7*n - 73*n**2 - 90*n**2 + 164*n**2 - 3. Suppose -2*r - r - 21 = 0. Calculate u(r).
-3
Let v(a) = a**3 - 5*a**2 - 6*a - 4. Let i(y) = -27*y - 4. Let n be i(-3). Let h = -42 + n. Let z be (12/7)/(10/h). What is v(z)?
-4
Let u(r) = r**2 + r. Let s(w) = -5*w**2 - 18*w + 2. Let f(q) = s(q) + 6*u(q). What is f(10)?
-18
Let u = 2140 + -2139. Let t(j) = -7*j. Give t(u).
-7
Let f(o) = -o + 29. Let u be f(0). Suppose t - 27 = -u. Let d(k) = 2*k**2 + 2*k + 2. Determine d(t).
6
Suppose 3*o + 21 = -u, 3*u + 96 = -5*o + 29. Let h be (-23)/(-5) - u/60. Let t(f) = f**3 - 4*f**2 - 4*f - 5. Determine t(h).
0
Let x(t) = -4 - 3 - 9 - t**2 + 9 - 6*t. Calculate x(-4).
1
Let t be 8/12*27/2. Suppose 0 = 3*w - 3 + t. Let c(k) be the first derivative of k**4/4 + 2*k**3/3 + 2*k**2 + 2*k + 4. Calculate c(w).
-6
Let d(y) = -22*y**2 - 1. Suppose 38*j - 35*j = 2*l - 7, l - 5*j - 14 = 0. Determine d(l).
-23
Let u(w) = -w**3 + 10*w**2 - w - 7. Let g(k) = -19*k - 85. Let v be g(-5). Calculate u(v).
-17
Let f be -10*(1 - (-8)/(-5)). Let n = -7 + f. Let i(g) = -7*g**3 + g**2 + g + 1. Calculate i(n).
8
Let j(w) = -29*w - 24. Let q be j(-1). Let g(h) = h**3 - 6*h**2 + 6*h - 9. Give g(q).
-4
Suppose -17 + 21 = 4*q. Let c(j) = 9*j - 1. Determine c(q).
8
Let w(k) = k - 4. Suppose -45*o = -9*o - 108. Determine w(o).
-1
Let d(k) be the second derivative of -k**5/20 + 5*k**4/12 - 2*k**3/3 - 5*k**2/2 + 56*k. Determine d(4).
-5
Let o(t) = 22*t**3 - t**2 + 1 - 3*t - 21*t**3 - t**2. Let q be 6/8 + 215/(-20). Let y = -7 - q. Calculate o(y).
1
Let w(a) = a**3 + 4*a**2 + 3*a. Suppose 0 = 2*f - 2*p - 122, 0*p + 5*p - 143 = -3*f. Let h = f - 59. Determine w(h).
0
Let i(n) = -2*n + 1. Let h(u) = 12*u + 11. Let p be h(-1). Give i(p).
3
Let o(p) = -2*p - 4. Let u(w) = 3*w - 17. Let k be u(11). Let v = -12 + k. Suppose -q + v*q - 2*b = 1, 4*q = b - 7. What is o(q)?
2
Let h = 16 - 15. Let k be h - (-1)/(1/4). Let t(x) = -x + 2*x + 2 + x**2 - 5*x. Give t(k).
7
Let j(l) = -2*l**3 - 82*l**2 - 4*l - 164. Let g be j(-41). Let h(t) be the third derivative of t**4/24 + t**3 - t**2. Give h(g).
6
Let m(h) = 72*h**2 - 23*h + 3. Let c(s) = 24*s**2 - 8*s + 1. Let u(g) = -17*c(g) + 6*m(g). Let t(j) = -j**2 - 22*j - 95. Let r be t(-16). Calculate u(r).
23
Let f(t) = 3*t**3 - t**2 - 2*t + 2. Let m = 266 - 264. Determine f(m).
18
Let d(l) = -l + 15. Let f(m) be the second derivative of -m**3/2 + 22*m**2 - 5*m. Let h(o) = -17*d(o) + 6*f(o). Calculate h(7).
2
Let x = -1 - -2. Let s be -72*((-28)/16 + x). Let o(r) = 0*r + 57 - 2*r - s. Determine o(6).
-9
Let u(v) = 2*v**2 + 33*v - 33*v - 1. Suppose 2*o = 9*o. Suppose -2*j - 2*s - 2*s - 14 = o, 7 = -4*j - s. What is u(j)?
1
Suppose 6*m + i - 8 = 2*m, -29 = -3*m + 5*i. Let c = -4 + 6. Let f(n) = -4*n**c + 4*n + 3*n**2 - n**2. Calculate f(m).
-6
Let i(t) be the first derivative of -t**6/120 - t**5/60 - t**3/2 + 19*t**2/2 - 1. Let y(v) be the second derivative of i(v). What is y(0)?
-3
Let a(i) be the second derivative of 7*i**6/720 - 11*i**4/6 + 13*i. Let w(d) be the third derivative of a(d). Give w(-1).
-7
Let u(p) be the first derivative of p**2/2 - 7*p + 6. Let x be u(4). Let c(b) = -5*b + 3. Let w(z) = z. Let q(d) = c(d) + 4*w(d). Determine q(x).
6
Suppose -4*l = 12 + 4. Let g(n) = -2*n - 2. Give g(l).
6
Let q(b) = 12*b**2 - 2*b + 2 - 1 + 4*b - 3*b - b. Give q(1).
11
Suppose -5*m - 7226 + 7236 = 0. Suppose -3*c + 27 + 21 = 0. Let l(i) = -2*i**2 - 19*i + 34*i - c*i + 5*i**m. Determine l(2).
10
Let v(h) = -h**2 - 14*h - 19. Let u = 321 + -334. Give v(u).
-6
Let g(w) = 5*w**2 + 5*w + 4. Let n = 1245 - 1247. Give g(n).
14
Let y(w) = -w**3 - w**2 + w + 3. Let m be y(0). Let z(b) = 4*b - 4 - 2 + m. Suppose 3*u = -5*p + 27, -p + 3*u - 4 = 5. Calculate z(p).
9
Let h = 61/2 - 28. Let s(c) be the first derivative of -2 - 7*c + 1/3*c**3 + h*c**2. Determine s(-6).
-1
Suppose -2*k + 4 = -0*k. Suppose 2*l = -0*l + k. Let d(y) = -y - 1. Determine d(l).
-2
Let h(f) = 4*f - 1. Let p(z) = 3*z - 1. Let k(r) = -5*h(r) + 6*p(r). Let b(g) = -g**2 - 8*g - 8. Let x be b(0). Give k(x).
15
Let t(l) = -3*l. Suppose -5*z = 1289 - 1314. What is t(z)?
-15
Let a(s) = 7*s - 4. Suppose -3*u - 2 = -u + 3*b, 2*u + 14 = 3*b. Let d(z) = 0 + z + 0. Let h(r) = u*d(r) + a(r). What is h(4)?
8
Let a(t) be the second derivative of t**4/2 - t**2/2 + 4*t - 52. Calculate a(-1).
5
Let x = -44 + 47. Let m(q) = -2*q**3 + 2*q**2 - 4*q - 3. Let p(w) = 5*w**3 - 5*w**2 + 8*w + 8. Let a(t) = 7*m(t) + 3*p(t). What is a(x)?
9
Let d(j) = -j - 2. Let m(k) = -k + 16. Let f be m(10). Determine d(f).
-8
Let m(t) = -8*t**3 - 16*t**2 + 9*t + 26. Let r(z) = -5*z**3 - 8*z**2 + 4*z + 14. Let o(p) = -3*m(p) + 5*r(p). What is o(7)?
-8
Let z(c) = c**2 - 5*c - 4. Let b be z(7). Let i be 3 - b/(-3 + 2). Let o = -7 + i. Let f(y) = -y**2 + 5*y + 6. Give f(o).
0
Let b = -7 + 16. Suppose -b*o + 0 - 45 = 0. Let h(l) = l**2 + 6*l - 7. What is h(o)?
-12
Let f(t) be the second derivative of -t**3/2 + t**2 + 914*t. Determine f(0).
2
Let j(f) = f**2 + 15*f + 4. Let v(b) = -b**2 - 15*b - 1. Let p(g) = -5*j(g) - 4*v(g). Calculate p(-13).
10
Let s(h) = 272*h + 20*h**2 - 9 - 20 - 256*h + 2*h**3. Let o(a) = a**3 + 10*a**2 + 8*a - 14. Let k(p) = -5*o(p) + 2*s(p). What is k(-9)?
3
Let v(h) = -12*h - 3. Let q(w) = 25*w + 6. Let t(j) = -4*q(j) - 9*v(j). Calculate t(-2).
-13
Let h(w) = -w. Let y(f) = 12*f - 4. Let d(u) = 10*h(u) + y(u). Determine d(6).
8
Let r(d) = 28*d**3 + d**2 - 2*d + 1. Let g(f) = f**3. Let j(v) = g(v) - r(v). Give j(1).
-27
Suppose 0 = 4*b - 12,